{"id":1470,"date":"2024-11-11T16:51:31","date_gmt":"2024-11-11T16:51:31","guid":{"rendered":"https:\/\/vorarlberg.kripo.at\/?page_id=1470"},"modified":"2026-03-17T12:35:41","modified_gmt":"2026-03-17T12:35:41","slug":"uebersicht","status":"publish","type":"page","link":"https:\/\/vorarlberg.kripo.at\/","title":{"rendered":"\u00dcbersicht"},"content":{"rendered":"\n\n<p class=\"has-vivid-red-color has-text-color has-background has-link-color wp-elements-2e58bc2afd9cef915b4a546617f2a515 wp-block-paragraph\" style=\"background-color:#fee9b1;font-size:20px\"><marquee> <strong>Mitgliederausflug am 20. Mai 2026 zum Flughafen M\u00fcnchen <\/strong> <\/marquee><\/p>\n\n\n\n<h2 class=\"wp-block-heading has-text-align-center has-black-color has-text-color has-link-color wp-elements-43215b917eda32bbc045447a6d3e76b3\">Gr\u00fcndung der VK\u00d6 Vorarlberg<\/h2>\n\n\n\n<div class=\"wp-block-image\">\n<figure class=\"aligncenter size-full is-resized\"><img loading=\"lazy\" decoding=\"async\" width=\"484\" height=\"573\" src=\"https:\/\/vorarlberg.kripo.at\/wp-content\/uploads\/2024\/11\/grafik-2.png\" alt=\"\" class=\"wp-image-1475\" style=\"width:150px;height:auto\" srcset=\"https:\/\/vorarlberg.kripo.at\/wp-content\/uploads\/2024\/11\/grafik-2.png 484w, https:\/\/vorarlberg.kripo.at\/wp-content\/uploads\/2024\/11\/grafik-2-253x300.png 253w\" sizes=\"auto, (max-width: 484px) 100vw, 484px\" \/><\/figure>\n<\/div>\n\n\n<p class=\"wp-block-paragraph\"><\/p>\n\n\n\n\n\n<p class=\"has-black-color has-text-color has-link-color has-medium-font-size wp-elements-04193700562c9029b3cf4fb036dd10df wp-block-paragraph\">Im Jahre 2016 wurde die Landessektion Vorarlberg &#8222;ins Leben&#8220; gerufen. Einen interessanten Bericht dar\u00fcber gibt es<\/p>\n\n\n\n<p class=\"has-text-align-center has-medium-font-size wp-block-paragraph\"><strong><a href=\"https:\/\/vorarlberg.kripo.at\/?page_id=456\" data-type=\"page\" data-id=\"456\">H I E R<\/a><\/strong><\/p>\n\n\n\n<hr class=\"wp-block-separator has-alpha-channel-opacity\"\/>\n\n\n\n<div class=\"wp-block-group\"><div class=\"wp-block-group__inner-container is-layout-constrained wp-block-group-is-layout-constrained\">\n<div class=\"wp-block-group\"><div class=\"wp-block-group__inner-container is-layout-constrained wp-block-group-is-layout-constrained\">\n<p class=\"has-vivid-red-color has-text-color has-link-color has-large-font-size wp-elements-e9986538791cb39e0558e24643808152 wp-block-paragraph\">Bek\u00e4mpfung des Identit\u00e4tsbetrug<\/p>\n\n\n\n<p class=\"has-black-color has-text-color has-link-color has-medium-font-size wp-elements-6f9fa35903eb904b10344b606cbf0a71 wp-block-paragraph\">Einen Bericht \u00fcber diese Veranstaltung kannst du hier lesen:   <\/p>\n\n\n\n<div class=\"wp-block-buttons is-layout-flex wp-block-buttons-is-layout-flex\">\n<div class=\"wp-block-button has-custom-width wp-block-button__width-100 is-style-fill\"><a class=\"wp-block-button__link has-black-color has-light-green-cyan-background-color has-text-color has-background has-link-color has-medium-font-size has-custom-font-size wp-element-button\" href=\"https:\/\/vorarlberg.kripo.at\/wp-content\/uploads\/2025\/09\/Bericht.pdf\">Bericht<\/a><\/div>\n<\/div>\n\n\n\n<p class=\"has-text-align-center has-white-color has-white-background-color has-text-color has-background has-link-color has-medium-font-size wp-elements-a65c3f7beada1af25c0011e215762164 wp-block-paragraph\"><\/p>\n\n\n\nngg_shortcode_0_placeholder\n<\/div><\/div>\n<\/div><\/div>\n\n\n\n<hr class=\"wp-block-separator has-alpha-channel-opacity\"\/>\n\n\n\n<div class=\"wp-block-columns is-layout-flex wp-container-core-columns-is-layout-8f761849 wp-block-columns-is-layout-flex\">\n<div class=\"wp-block-column is-layout-flow wp-block-column-is-layout-flow\">\n<p class=\"has-black-color has-text-color has-link-color has-medium-font-size wp-elements-889ee52eacc93a5b402c1f36eb01bd82 wp-block-paragraph\"><strong>VK\u00d6-Ausflug Bavaria Filmstudios M\u00fcnchen und Teilnahme an der Generalprobe Aktenzeichen XY<\/strong><\/p>\n\n\n\n<p class=\"has-black-color has-text-color has-link-color has-medium-font-size wp-elements-9ea9de3557edab6b4469dff93e6affdc wp-block-paragraph\"><\/p>\n\n\n\n<figure class=\"wp-block-image size-large is-style-rounded\"><a href=\"https:\/\/vorarlberg.kripo.at\/wp-content\/uploads\/2025\/08\/DSC05570-scaled.jpg\"><img decoding=\"async\" src=\"https:\/\/vorarlberg.kripo.at\/wp-content\/uploads\/2025\/08\/DSC05570-scaled.jpg\" alt=\"\"\/><\/a><\/figure>\n\n\n\n<p class=\"has-black-color has-text-color has-link-color has-medium-font-size wp-elements-0b7a6913dd91b0b00e7b6db69e9013d4 wp-block-paragraph\">Kurzbericht \u00fcber die Veranstaltung<\/p>\n\n\n\n<p class=\"has-text-align-center has-vivid-red-color has-text-color has-link-color has-medium-font-size wp-elements-6a713b13ad3246a9ee3e13475b6e7faf wp-block-paragraph\"><a href=\"https:\/\/vorarlberg.kripo.at\/wp-content\/uploads\/2025\/07\/Bericht-Bavaria.pdf\">H i e r<\/a><\/p>\n\n\n\n<p class=\"has-black-color has-text-color has-link-color wp-elements-21fd1625ccfe1e3b22dec77321fcfe8b wp-block-paragraph\" style=\"font-size:15px\">Ein paar Bilder und Videos k\u00f6nnen hier angeschaut werden. <\/p>\n\n\n\n<p class=\"has-text-align-center has-vivid-red-color has-text-color has-link-color has-medium-font-size wp-elements-605736375141694353e6bf6adf3cfe62 wp-block-paragraph\"><a href=\"https:\/\/vorarlberg.kripo.at\/?page_id=1575\" data-type=\"page\" data-id=\"1575\">Link<\/a><\/p>\n<\/div>\n\n\n\n<div class=\"wp-block-column is-layout-flow wp-block-column-is-layout-flow\">\n<h2 class=\"wp-block-heading has-medium-font-size\"><strong>Betriebsbesichtigung Fa. Sola<\/strong><\/h2>\n\n\n\n<p class=\"has-black-color has-text-color has-link-color wp-elements-e18a787ddd73df9536a86aa4118cf526 wp-block-paragraph\">Nachstehend ein Bericht \u00fcber die Besichtigung der Fa. Sola in G\u00f6tzis<\/p>\n\n\n\n<p class=\"wp-block-paragraph\"><a href=\"https:\/\/vorarlberg.kripo.at\/wp-content\/uploads\/2025\/05\/Betriebsbesichtigung-Firma-Sola-in-Goetzis.pdf\" target=\"_blank\" rel=\"noreferrer noopener\">https:\/\/vorarlberg.kripo.at\/wp-content\/uploads\/2025\/05\/Betriebsbesichtigung-Firma-Sola-in-Goetzis.pdf<\/a><\/p>\n<\/div>\n<\/div>\n\n\n\n<p class=\"wp-block-paragraph\"><\/p>\n\n\n\n<hr class=\"wp-block-separator has-alpha-channel-opacity\"\/>\n\n\n\n<div class=\"wp-block-columns is-layout-flex wp-container-core-columns-is-layout-8f761849 wp-block-columns-is-layout-flex\">\n<div class=\"wp-block-column is-layout-flow wp-block-column-is-layout-flow\">\n<h2 class=\"wp-block-heading has-text-align-center\">BLACKOUT<\/h2>\n\n\n\n<p class=\"has-text-align-center has-black-color has-text-color has-link-color has-large-font-size wp-elements-59b2f3f35537d48d3a66c6d3939bd699 wp-block-paragraph\"><strong>Was nun<\/strong><\/p>\n\n\n<div class=\"wp-block-image\">\n<figure class=\"aligncenter size-full is-resized\"><img loading=\"lazy\" decoding=\"async\" width=\"1024\" height=\"509\" src=\"https:\/\/vorarlberg.kripo.at\/wp-content\/uploads\/2024\/11\/grafik.png\" alt=\"\" class=\"wp-image-1471\" style=\"width:302px;height:auto\" srcset=\"https:\/\/vorarlberg.kripo.at\/wp-content\/uploads\/2024\/11\/grafik.png 1024w, https:\/\/vorarlberg.kripo.at\/wp-content\/uploads\/2024\/11\/grafik-300x149.png 300w, https:\/\/vorarlberg.kripo.at\/wp-content\/uploads\/2024\/11\/grafik-768x382.png 768w\" sizes=\"auto, (max-width: 1024px) 100vw, 1024px\" \/><\/figure>\n<\/div>\n\n\n<p class=\"wp-block-paragraph\" style=\"font-size:1px\"><\/p>\n\n\n\n<p class=\"has-black-color has-text-color has-link-color wp-elements-b5a11af58e3211dd3865dd6f92652107 wp-block-paragraph\">Einen Bericht \u00fcber diese spannende Veranstaltung findest du <\/p>\n\n\n\n<p class=\"has-text-align-center wp-block-paragraph\"><a href=\"https:\/\/vorarlberg.kripo.at\/?page_id=1456\" data-type=\"page\" data-id=\"1456\"><strong>H I E R<\/strong><\/a><\/p>\n<\/div>\n\n\n\n<div class=\"wp-block-column is-layout-flow wp-block-column-is-layout-flow\">\n<h2 class=\"wp-block-heading\">Die Bodyfarm<\/h2>\n\n\n\n<p class=\"has-black-color has-text-color has-link-color has-medium-font-size wp-elements-29b45441a01fb33c16519ce98d6be57a wp-block-paragraph\"><strong>Vortrag des Gerichtsmediziners Dr. Stefano Longato<\/strong><\/p>\n\n\n<div class=\"wp-block-image is-style-rounded\">\n<figure class=\"aligncenter size-full is-resized\"><img loading=\"lazy\" decoding=\"async\" width=\"531\" height=\"578\" src=\"https:\/\/vorarlberg.kripo.at\/wp-content\/uploads\/2024\/11\/grafik-1.png\" alt=\"\" class=\"wp-image-1472\" style=\"width:147px;height:auto\" srcset=\"https:\/\/vorarlberg.kripo.at\/wp-content\/uploads\/2024\/11\/grafik-1.png 531w, https:\/\/vorarlberg.kripo.at\/wp-content\/uploads\/2024\/11\/grafik-1-276x300.png 276w\" sizes=\"auto, (max-width: 531px) 100vw, 531px\" \/><\/figure>\n<\/div>\n\n\n<p class=\"has-black-color has-text-color has-link-color wp-elements-783b6cea368e31850362bd783be9864c wp-block-paragraph\">Einen Bericht \u00fcber diese spannende Veranstaltung findest du<\/p>\n\n\n\n<p class=\"has-text-align-center has-vivid-red-color has-text-color has-link-color wp-elements-98b25c771270957582eeedec09bc0f53 wp-block-paragraph\"><a href=\"https:\/\/vorarlberg.kripo.at\/?page_id=1534\">H I E R<\/a><\/p>\n\n\n\n<p class=\"has-text-align-right wp-block-paragraph\"><a href=\"https:\/\/vorarlberg.kripo.at\/?page_id=1526\">Bilder der Veranstaltung<\/a><\/p>\n<\/div>\n<\/div>\n\n\n\n<h2 class=\"wp-block-heading has-black-color has-text-color has-link-color wp-elements-308cde53fb5c3a49e7f26449b720dc9d\">Spendenaktion 2024<\/h2>\n\n\n\n<p class=\"has-black-color has-text-color has-link-color wp-elements-9f6e9b870f1b09f97a5f529383533e9f wp-block-paragraph\">Die freiwilligen Spenden bei der Veranstaltung &#8222;Die Bodyfarm&#8220; erbrachten ein sensationelles Ergebnis. Die Spendengl\u00e4ser wurden mit 1850,- Euro gef\u00fcllt. Dr. Stefano Longato rundete den Betrag auf 2.000,- Euro auf. Vielen Dank Stefano. <\/p>\n\n\n\n<p class=\"has-black-color has-text-color has-link-color wp-elements-bf001f133a757be34702277a73050205 wp-block-paragraph\">Das Schulheim M\u00e4der, das sich liebevoll um k\u00f6rperlich und geistig schwerbehinderte Kinder k\u00fcmmert, kann den Betrag sicherlich gut gebrauchen. <\/p>\n\n\n\n<p class=\"has-black-color has-text-color has-link-color wp-elements-cdd298f04856af77ca4618658eb22460 wp-block-paragraph\">Es war mir eine Freude, den Betrag in der H\u00f6he von 2.000,- an den Gesch\u00e4ftsf\u00fchrer Arnt Buchwald zu \u00fcbergeben. <\/p>\n\n\n\n<figure class=\"wp-block-image size-medium\"><img loading=\"lazy\" decoding=\"async\" width=\"300\" height=\"225\" src=\"https:\/\/vorarlberg.kripo.at\/wp-content\/uploads\/2024\/12\/WhatsApp-Bild-2024-12-02-um-16.27.30_7586a970-300x225.jpg\" alt=\"\" class=\"wp-image-1530\" srcset=\"https:\/\/vorarlberg.kripo.at\/wp-content\/uploads\/2024\/12\/WhatsApp-Bild-2024-12-02-um-16.27.30_7586a970-300x225.jpg 300w, https:\/\/vorarlberg.kripo.at\/wp-content\/uploads\/2024\/12\/WhatsApp-Bild-2024-12-02-um-16.27.30_7586a970-1024x768.jpg 1024w, https:\/\/vorarlberg.kripo.at\/wp-content\/uploads\/2024\/12\/WhatsApp-Bild-2024-12-02-um-16.27.30_7586a970-768x576.jpg 768w, https:\/\/vorarlberg.kripo.at\/wp-content\/uploads\/2024\/12\/WhatsApp-Bild-2024-12-02-um-16.27.30_7586a970-1536x1152.jpg 1536w, https:\/\/vorarlberg.kripo.at\/wp-content\/uploads\/2024\/12\/WhatsApp-Bild-2024-12-02-um-16.27.30_7586a970.jpg 1600w\" sizes=\"auto, (max-width: 300px) 100vw, 300px\" \/><\/figure>\n\n\n\n<p class=\"has-black-color has-text-color has-link-color wp-elements-9ac00cf961d1ea846fe5a532228b76c6 wp-block-paragraph\"><\/p>\n\n\n\n<p class=\"has-text-align-center has-medium-font-size wp-block-paragraph\"><a href=\"https:\/\/vorarlberg.kripo.at\/?page_id=1456\" data-type=\"page\" data-id=\"1456\"><strong><\/strong><\/a><strong><a href=\"https:\/\/vorarlberg.kripo.at\/?page_id=1456\" data-type=\"page\" data-id=\"1456\"><\/a><\/strong><\/p>\n\n\n\n<p class=\"has-text-align-center wp-block-paragraph\"><\/p>\n","protected":false},"excerpt":{"rendered":"<p>Mitgliederausflug am 20. Mai 2026 zum Flughafen M\u00fcnchen Gr\u00fcndung der VK\u00d6 Vorarlberg Im Jahre 2016 wurde die Landessektion Vorarlberg &#8222;ins Leben&#8220; gerufen. Einen interessanten Bericht dar\u00fcber gibt es H I E R Bek\u00e4mpfung des Identit\u00e4tsbetrug Einen Bericht \u00fcber diese Veranstaltung kannst du hier lesen: VK\u00d6-Ausflug Bavaria Filmstudios M\u00fcnchen und Teilnahme&#8230;<\/p>\n","protected":false},"author":1,"featured_media":0,"parent":0,"menu_order":0,"comment_status":"closed","ping_status":"closed","template":"","meta":{"_crdt_document":"","ngg_post_thumbnail":0,"footnotes":""},"class_list":["post-1470","page","type-page","status-publish","hentry"],"_links":{"self":[{"href":"https:\/\/vorarlberg.kripo.at\/index.php?rest_route=\/wp\/v2\/pages\/1470","targetHints":{"allow":["GET"]}}],"collection":[{"href":"https:\/\/vorarlberg.kripo.at\/index.php?rest_route=\/wp\/v2\/pages"}],"about":[{"href":"https:\/\/vorarlberg.kripo.at\/index.php?rest_route=\/wp\/v2\/types\/page"}],"author":[{"embeddable":true,"href":"https:\/\/vorarlberg.kripo.at\/index.php?rest_route=\/wp\/v2\/users\/1"}],"replies":[{"embeddable":true,"href":"https:\/\/vorarlberg.kripo.at\/index.php?rest_route=%2Fwp%2Fv2%2Fcomments&post=1470"}],"version-history":[{"count":44,"href":"https:\/\/vorarlberg.kripo.at\/index.php?rest_route=\/wp\/v2\/pages\/1470\/revisions"}],"predecessor-version":[{"id":1645,"href":"https:\/\/vorarlberg.kripo.at\/index.php?rest_route=\/wp\/v2\/pages\/1470\/revisions\/1645"}],"wp:attachment":[{"href":"https:\/\/vorarlberg.kripo.at\/index.php?rest_route=%2Fwp%2Fv2%2Fmedia&parent=1470"}],"curies":[{"name":"wp","href":"https:\/\/api.w.org\/{rel}","templated":true}]}}