{"id":432,"date":"2019-02-19T13:34:52","date_gmt":"2019-02-19T13:34:52","guid":{"rendered":"https:\/\/vorarlberg.kripo.at\/?page_id=432"},"modified":"2019-02-19T13:42:50","modified_gmt":"2019-02-19T13:42:50","slug":"mordsgeschichten-lebenserfahrungen-eines-gerichts-polizeipsychiaters","status":"publish","type":"page","link":"https:\/\/vorarlberg.kripo.at\/?page_id=432","title":{"rendered":"Vortrag Primar Dr. Haller"},"content":{"rendered":"\n<h2 class=\"wp-block-heading\">\u201eMord(s)geschichten \u2013 Lebenserfahrungen eines Gerichts-\/Polizeipsychiaters\u201c<\/h2>\n\n\n\n<p class=\"wp-block-paragraph\" style=\"font-size:26px\"><strong>Ein unvergesslicher Abend mit Gerichtsgutachter Dr. Reinhard HALLER<\/strong><\/p>\n\n\n\n<p class=\"wp-block-paragraph\">Norbert Schwendinger, der Leiter der Sektion Vorarlberg, war sichtlich erfreut und auch ein bisschen stolz, als er am 14.11.2017 im vollbesetzten J.J.Ender-Saal in M\u00e4der den bekannten Psychiater und Gerichtsgutachter Univ.Prof.Prim. Dr. Reinhard HALLER begr\u00fc\u00dfen durfte. Immerhin waren ca 450 interessierte Vertreter von Polizei, Justiz, Bezirkshauptmannschaften und anderen Organisationen, aber auch Zivilpersonen der Einladung gefolgt. Die Besucher kamen aus ganz Vorarlberg, aus verschiedenen Bundesl\u00e4ndern und aus dem grenznahen Ausland, um einen unvergesslichen Vortrag zu h\u00f6ren. <\/p>\n\n\n\n<p class=\"wp-block-paragraph\">Dr. HALLER ist weit \u00fcber die Landesgrenzen hinaus bekannt. Er erstellte in seiner mehr als 35-j\u00e4hrigen T\u00e4tigkeit zahlreiche Gutachten in diversen&nbsp; Aufsehen erregenden Gerichtsverfahren und beurteilte die Zurechnungsf\u00e4hig von verschiedensten Straft\u00e4tern. Ein weiterer Schwerpunkt in der Arbeit von Dr. HALLER ist das Sucht-Krankenhaus Maria Ebene,dessen Leitung er seit dem Jahr 1983 innehat. Mit Ablauf des Jahres 2017 wird Dr. HALLER in den Ruhestand treten. Als Gutachter wird er aber weiterhin zur Verf\u00fcgung stehen. <\/p>\n\n\n\n<figure class=\"wp-block-image\"><img loading=\"lazy\" decoding=\"async\" width=\"3072\" height=\"2048\" src=\"https:\/\/kripov.files.wordpress.com\/2018\/11\/pi-vortragprim-haller13.jpg\" alt=\"\" class=\"wp-image-200\" srcset=\"https:\/\/vorarlberg.kripo.at\/wp-content\/uploads\/2018\/11\/pi-vortragprim-haller13.jpg 3072w, https:\/\/vorarlberg.kripo.at\/wp-content\/uploads\/2018\/11\/pi-vortragprim-haller13-300x200.jpg 300w, https:\/\/vorarlberg.kripo.at\/wp-content\/uploads\/2018\/11\/pi-vortragprim-haller13-768x512.jpg 768w, https:\/\/vorarlberg.kripo.at\/wp-content\/uploads\/2018\/11\/pi-vortragprim-haller13-1024x683.jpg 1024w\" sizes=\"auto, (max-width: 3072px) 100vw, 3072px\" \/><figcaption>Primar Reinhard Haller<\/figcaption><\/figure>\n\n\n\n<p class=\"wp-block-paragraph\">Am Beginn seiner Ausf\u00fchrungen lobte der Kriminalpsychologe die gute Arbeit und das hohe Niveau der Kriminalpolizei im Allgemeinen und speziell in Vorarlberg. Er f\u00fchrte aus, dass in den Kriminalf\u00e4llen die Polizei die gr\u00f6\u00dfte Arbeit zu erledigen habe. Als Gutachter k\u00f6nne er sich ins \u201efertig gemachte Bett\u201c legen. Der T\u00e4ter sei bekannt und als Gutachter m\u00fcsse er nur noch feststellen, ob der\/die Beschuldigte \u201everr\u00fcckt\u201c, also zurechnungsf\u00e4hig sei. Die zentrale Frage sei, ob der menschliche Wille frei sei. <\/p>\n\n\n\n<p class=\"wp-block-paragraph\">Dr. Reinhard HALLER ist bekannt f\u00fcr seine grandiosen Vortr\u00e4ge, weshalb die Erwartungshaltung entsprechend hoch war. Ich denke, ich spreche f\u00fcr alle Anwesenden, wenn ich sage, dass unsere Erwartungen mehr als nur \u00fcbertroffen wurden!<\/p>\n\n\n\n<p class=\"wp-block-paragraph\">Eine zweite Aufgabe sei die Erstellung einer Zukunftsprognose. Eine solche Aussage k\u00f6nne nicht wirklich seri\u00f6s getroffen werden, weil menschliches Verhalten nicht vorhergesagt werden k\u00f6nne. In diesem Zusammenhang zitierte er den Satz: \u201ePrognosen sind sehr schwierig, besonders wenn sie die Zukunft betreffen!\u201c, der dem d\u00e4nischen Physiker Niels Bohr zugeschrieben wird.&nbsp; <\/p>\n\n\n\n<p class=\"wp-block-paragraph\">Der Grundstein f\u00fcr seinen beruflichen Werdegang sei vermutlich bereits in seiner Kindheit gelegt worden. Er sei ein kleiner Bub gewesen, als in Vorarlberg ein Mord ver\u00fcbt worden und auf der Titelseite einer Tageszeitung ein Foto des Tatortes zu sehen gewesen sei. Es sei in seinem famili\u00e4ren Umfeld viel \u00fcber diesen Mord gesprochen worden. Seine Mutter, die er als g\u00fctige Frau beschrieb, habe gesagt, dass ihr der T\u00e4ter leid tue. Dies habe ihn veranlasst, \u00fcber die Straft\u00e4ter und ihre Psyche nachzudenken. Zum Gerichtsgutachter sei er eher durch Zufall, durch den damaligen Richter des Landesgerichts Feldkirch und nunmehrigen Pr\u00e4sidenten des Obersten Gerichtshofes, Dr. Eckart Ratz, gekommen.<\/p>\n\n\n\n<p class=\"wp-block-paragraph\">Der Referent machte unter anderem einen Exkurs in die Welt der Krimis im Fernsehen und versuchte zu erkl\u00e4ren, weshalb so viele Menschen w\u00f6chentlich\u201eTatort\u201c und vergleichbare Geschichten ansehen. Dazu f\u00fchrte er aus, dass von verschiedenen Verbrechen eine gro\u00dfe Faszination ausgehe.<\/p>\n\n\n\n<figure class=\"wp-block-image\"><img loading=\"lazy\" decoding=\"async\" width=\"1024\" height=\"1024\" src=\"https:\/\/kripov.files.wordpress.com\/2018\/12\/20171116_002034-collage.jpg\" alt=\"\" class=\"wp-image-264\" srcset=\"https:\/\/vorarlberg.kripo.at\/wp-content\/uploads\/2018\/12\/20171116_002034-collage.jpg 1024w, https:\/\/vorarlberg.kripo.at\/wp-content\/uploads\/2018\/12\/20171116_002034-collage-150x150.jpg 150w, https:\/\/vorarlberg.kripo.at\/wp-content\/uploads\/2018\/12\/20171116_002034-collage-300x300.jpg 300w, https:\/\/vorarlberg.kripo.at\/wp-content\/uploads\/2018\/12\/20171116_002034-collage-768x768.jpg 768w, https:\/\/vorarlberg.kripo.at\/wp-content\/uploads\/2018\/12\/20171116_002034-collage-100x100.jpg 100w\" sizes=\"auto, (max-width: 1024px) 100vw, 1024px\" \/><\/figure>\n\n\n\n<p class=\"wp-block-paragraph\">Dr. HALLER erkl\u00e4rte auch, dass in jedem Menschen Anteile von \u201eGut\u201c und\u201eB\u00f6se\u201c vorhanden seien. Es gebe verschiedene Ursachen, Umst\u00e4nde und Ausl\u00f6ser die einen Menschen schlie\u00dflich so weit bringen, dass er entsprechende Straftaten ver\u00fcbe. \u00dcber die Faktoren die dazu f\u00fchren, ob ein Mensch kriminell wird, w\u00fcrde sich die Wissenschaft streiten.<\/p>\n\n\n\n<p class=\"wp-block-paragraph\">Im weiteren Verlauf des Abends ging Dr. HALLER auf verschiedene Strafverfahren ein und erz\u00e4hlte aus seinen Kontakten und Gespr\u00e4chen mit Beschuldigten. <\/p>\n\n\n\n<p class=\"wp-block-paragraph\">So berichtete er aus dem Verfahren gegen den sadistischen Serienm\u00f6rder <strong>Jack UNTERWEGER<\/strong>. Er schilderte aber auch, wie aus dem bestialischen Verbrecher ein Gutmensch gemacht worden sei.<\/p>\n\n\n\n<p class=\"wp-block-paragraph\">UNTERWEGER sei wegen Mordes an einer jungen Frau in Deutschland zu lebenslanger Haft verurteilt worden. Der charmante Narzisst UNTERWEGER habe Menschen instrumentalisiert und es sei ihm gelungen, sich durch manipulatives Verhalten zur rechten Hand des Anstaltsleiters empor zu arbeiten.&nbsp; W\u00e4hrend seiner Haftstrafe in der Justizanstalt Stein\/N\u00d6 habe UNTERWEGER lesen gelernt und zu schreiben begonnen.Er sei medial als \u201eH\u00e4fenliterat\u201c gefeiert geworden. Unter anderem habe er insgesamt 48 Folgen der Kinder-Abendsendung \u201eDas Traumm\u00e4nnlein\u201c geschrieben. UNTERWEGER sei in den Medien hofiert worden und in verschiedenen Sendungen aufgetreten. Er sei insbesondere von vielen Frauen verehrt worden und habe zahllose Heiratsantr\u00e4ge bekommen. Unter anderem habe er w\u00e4hrend seiner Haft an nur einem Tag insgesamt 42 Briefe von Frauen erhalten. <\/p>\n\n\n\n<p class=\"wp-block-paragraph\">Nach seiner vorzeitigen Haftentlassung, die ohne psychologische Betreuung und ohne Bew\u00e4hrungshilfe erfolgt sei, seien innerhalb kurzer Zeit acht Prostituierte in \u00d6sterreich ermordet worden. Der Gipfel der Perversion sei gewesen, dass Jack UNTERWEGER nach einem entsprechenden Mordfall als Reporter des Radiosenders \u00d63 vom Tatort berichtet habe. <\/p>\n\n\n\n<p class=\"wp-block-paragraph\">Danach sei er in die USA geflohen und habe dort weitere drei Frauen get\u00f6tet. Er sei schlie\u00dflich wieder nach \u00d6sterreich ausgeliefert und f\u00fcr insgesamt elf Morde an Prostituierten angeklagt und zu lebenslanger Haft verurteilt worden. <\/p>\n\n\n\n<p class=\"wp-block-paragraph\">UNTERWEGER habe bereits im Vorfeld angek\u00fcndigt, dass er sich im Falle einer Verurteilung an die weiteren Instanzen wenden werde. Tats\u00e4chlich habe er sich in der Nacht nach der Urteilsverk\u00fcndung in seiner Zelle erh\u00e4ngt. Dr. HALLER erkl\u00e4rte, er habe den Eindruck gehabt, dass sich Jack UNTERWEGER nicht wirklich t\u00f6ten habe wollen. Vielmehr gehe er davon aus, UNTERWEGER habe einen Suizidversuch unternommen, um so im Berufungsverfahren bessere Karten zu haben. UNTERWEGER habe seinen Tod nicht geplant gehabt.<\/p>\n\n\n\n<p class=\"wp-block-paragraph\">Gro\u00dfen Eindruck hatte das sogenannte \u201eBombenhirn\u201c <strong>Franz FUCHS<\/strong> auf Dr. HALLER gemacht. Der Sachverst\u00e4ndige beschrieb Franz FUCHS als einen der gewieftesten und interessantesten Verbrecher mit dem er je zu tun gehabt habe. <\/p>\n\n\n\n<p class=\"wp-block-paragraph\">Es sei nur der immensen Intelligenz von Franz FUCHS zuzuschreiben, dass dieser Mann als Einzelt\u00e4ter die \u201eBajuwarische Befreiungsarmee (BBA)\u201c verk\u00f6rpert und s\u00e4mtliche Schritte der Straftaten als einzelner Mensch mit einer unvergleichbaren Pr\u00e4zision ausf\u00fchren habe k\u00f6nnen.<\/p>\n\n\n\n<p class=\"wp-block-paragraph\">So sei Franz FUCHS Historiker, Ideengeber, Computerspezialist, Elektroniker,Verfasser von Bekennerschreiber, Bombenbauer, Bombenleger, aber auch sein eigener J\u00e4ger, Anwalt und Vollstrecker des eigenen Todesurteils durch Suizid gewesen. <\/p>\n\n\n\n<p class=\"wp-block-paragraph\">Selbst sein Suizid sei ein Geniestreich gewesen. Franz FUCHS habe darauf bestanden, dass er einen Elektrorasierer in seinen Haftraum bekomme, um sich selbst rasieren zu k\u00f6nnen. Dies trotz des Umstandes, dass ihm durch eine \u2013 selbst herbeigef\u00fchrte \u2013 Explosion einer Bombe beide Arme abgerissen worden seien und er nur noch St\u00fcmpfe anstelle der Oberarme gehabt habe. Durch Beobachtung des Wachpersonals habe FUCHS errechnet, dass ihm eine Zeitspanne von ca zwanzig Minuten zur Verf\u00fcgung stehen w\u00fcrde, um sich selbst zu t\u00f6ten. Dazu habe er den Tisch in seiner Zelle unter den Kasten der WC-Sp\u00fclung geschoben, einen Stuhl darauf gestellt, das Stromkabel des Elektrorasierers um das Wasser-Zulaufrohr und um seinen Hals gelegt und sich hineinfallen lassen.&nbsp; <\/p>\n\n\n\n<p class=\"wp-block-paragraph\">Er habe insgesamt 16 Tage und 8 N\u00e4chte lang mit Franz FUCHS gesprochen und ihn als gekr\u00e4nkten, mit Hass erf\u00fcllten Menschen kennen gelernt. FUCHS sei ein durch und durch intelligenter Mann gewesen, der durch Kr\u00e4nkungen und t\u00f6dlichen Hass zum Verbrecher geworden sei. <\/p>\n\n\n\n<p class=\"wp-block-paragraph\">Dr. Reinhard HALLER machte aber auch keinen Hehl daraus, dass er in seiner beruflichen Karriere auch Niederlagen erlebt habe. Unter anderem beschrieb er die Causa um den Psychiater Heinrich GROSS, welcher in der NS-Zeit grausame Verbrechen an Kindern ver\u00fcbt hatte. Als weiteres Beispiel nannte er die Beurteilung des sogenannten \u201eAmokfahrers\u201c in Graz. <\/p>\n\n\n\n<p class=\"wp-block-paragraph\">Zum Schluss wagte Dr. HALLER noch einen Blick in die Zukunft. Er f\u00fchrte aus, dass die Beurteilung menschlichen Verhaltens im Laufe der Geschichte gro\u00dfen \u00c4nderungen unterliege. So sei die Selbstt\u00f6tung (Suizid) bis in die Mitte des letzten Jahrhunderts mit der Todesstrafe bedroht und auch die Homosexualit\u00e4t unter Strafe gestellt gewesen. <\/p>\n\n\n\n<p class=\"wp-block-paragraph\">Seiner Einsch\u00e4tzung nach werde die Anzahl der Beziehungstaten weitersteigen. Als Beispiel nannte er die gro\u00dfe Zahl an solchen Taten, die in den letzten Monaten in Vorarlberg ver\u00fcbt worden seien. Des Weiteren f\u00fchrte er die Computerkriminalit\u00e4t (Cybercrime), aber auch Amok und Terror gegen Unschuldige ins Treffen. <\/p>\n\n\n\n<p class=\"wp-block-paragraph\">Der Vortragende fesselte mit seinen brillanten, interessanten,&nbsp; mit Humor vorgetragenen \u201eGeschichten\u201c einmal mehr die Zuh\u00f6rer. Obwohl er beinahe zwei Stunden lang referierte und verschiedene Stationen seines Berufslebens skizzierte, hingen die Zuh\u00f6rer f\u00f6rmlich an seinen Lippen und wunderten sich, dass die Zeit so schnell vergangen war. Besonders bemerkenswert ist, dass es Dr. HALLER gl\u00e4nzend versteht, ohne Powerpoint oder \u00e4hnlichen Hilfsmitteln das Publikum zu faszinieren. <\/p>\n\n\n\n<p class=\"wp-block-paragraph\">Nachdem Dr. HALLER noch Fragen aus dem Publikum beantwortet hatte, \u00fcberreichte ihm Norbert Schwendinger einen Geschenkskorb und bedankte sich nochmals f\u00fcr den erstklassigen Vortrag und f\u00fcr die jahrelange ausgezeichnete Zusammenarbeit von Dr. HALLER mit der Exekutive. Au\u00dferdem erhielt Dr. HALLER einen Kriminalroman aus der Feder unseres Tiroler Kollegen Dietmar Wachter als Pr\u00e4sent.<\/p>\n\n\n\n<figure class=\"wp-block-image\"><img loading=\"lazy\" decoding=\"async\" width=\"4000\" height=\"3000\" src=\"https:\/\/kripov.files.wordpress.com\/2018\/11\/p1030226.jpg\" alt=\"\" class=\"wp-image-234\" srcset=\"https:\/\/vorarlberg.kripo.at\/wp-content\/uploads\/2018\/11\/p1030226.jpg 4000w, https:\/\/vorarlberg.kripo.at\/wp-content\/uploads\/2018\/11\/p1030226-300x225.jpg 300w, https:\/\/vorarlberg.kripo.at\/wp-content\/uploads\/2018\/11\/p1030226-768x576.jpg 768w, https:\/\/vorarlberg.kripo.at\/wp-content\/uploads\/2018\/11\/p1030226-1024x768.jpg 1024w\" sizes=\"auto, (max-width: 4000px) 100vw, 4000px\" \/><\/figure>\n\n\n\n<p class=\"wp-block-paragraph\">Der Reinerl\u00f6s der Veranstaltung &nbsp;&#8211; insgesamt 1750,- Euro &#8211; kommt einem karitativen Zweck, n\u00e4mlich dem Verein \u201eFriends of ME\u201c (= Maria Ebene) zugute,der sich um Kinder von suchtkranken Menschen k\u00fcmmert. <\/p>\n\n\n\n<p class=\"wp-block-paragraph\">Dieser unvergessliche Abend fand schlie\u00dflich bei pers\u00f6nlichen Gespr\u00e4chen, der Kameradschaftspflege und einem Getr\u00e4nk seinen Ausklang. <\/p>\n\n\n\n<p class=\"wp-block-paragraph\"><em>Oswald Wachter<\/em><\/p>\n\n\n\n<p class=\"wp-block-paragraph\"><em>Weitere Fotos:&nbsp; &nbsp; &nbsp; &nbsp; <a href=\"https:\/\/flic.kr\/s\/aHskKpCkmH\" target=\"_blank\" rel=\"noopener\">LINK<\/a><\/em><\/p>\n\n\n<p><!--EndFragment--><\/p>\n<p><\/p>","protected":false},"excerpt":{"rendered":"<p>\u201eMord(s)geschichten \u2013 Lebenserfahrungen eines Gerichts-\/Polizeipsychiaters\u201c Ein unvergesslicher Abend mit Gerichtsgutachter Dr. Reinhard HALLER Norbert Schwendinger, der Leiter der Sektion Vorarlberg, war sichtlich erfreut und auch ein bisschen stolz, als er am 14.11.2017 im vollbesetzten J.J.Ender-Saal in M\u00e4der den bekannten Psychiater und Gerichtsgutachter Univ.Prof.Prim. Dr. Reinhard HALLER begr\u00fc\u00dfen durfte. Immerhin waren&#8230;<\/p>\n","protected":false},"author":1,"featured_media":0,"parent":0,"menu_order":0,"comment_status":"closed","ping_status":"closed","template":"","meta":{"_crdt_document":"","ngg_post_thumbnail":0,"footnotes":""},"class_list":["post-432","page","type-page","status-publish","hentry"],"_links":{"self":[{"href":"https:\/\/vorarlberg.kripo.at\/index.php?rest_route=\/wp\/v2\/pages\/432","targetHints":{"allow":["GET"]}}],"collection":[{"href":"https:\/\/vorarlberg.kripo.at\/index.php?rest_route=\/wp\/v2\/pages"}],"about":[{"href":"https:\/\/vorarlberg.kripo.at\/index.php?rest_route=\/wp\/v2\/types\/page"}],"author":[{"embeddable":true,"href":"https:\/\/vorarlberg.kripo.at\/index.php?rest_route=\/wp\/v2\/users\/1"}],"replies":[{"embeddable":true,"href":"https:\/\/vorarlberg.kripo.at\/index.php?rest_route=%2Fwp%2Fv2%2Fcomments&post=432"}],"version-history":[{"count":3,"href":"https:\/\/vorarlberg.kripo.at\/index.php?rest_route=\/wp\/v2\/pages\/432\/revisions"}],"predecessor-version":[{"id":445,"href":"https:\/\/vorarlberg.kripo.at\/index.php?rest_route=\/wp\/v2\/pages\/432\/revisions\/445"}],"wp:attachment":[{"href":"https:\/\/vorarlberg.kripo.at\/index.php?rest_route=%2Fwp%2Fv2%2Fmedia&parent=432"}],"curies":[{"name":"wp","href":"https:\/\/api.w.org\/{rel}","templated":true}]}}