{"id":435,"date":"2019-02-19T13:35:54","date_gmt":"2019-02-19T13:35:54","guid":{"rendered":"https:\/\/vorarlberg.kripo.at\/?page_id=435"},"modified":"2019-02-19T13:35:54","modified_gmt":"2019-02-19T13:35:54","slug":"sozialaktionen","status":"publish","type":"page","link":"https:\/\/vorarlberg.kripo.at\/?page_id=435","title":{"rendered":"Sozialaktionen"},"content":{"rendered":"\n<p class=\"wp-block-paragraph\">Unsere Veranstaltungen sind nicht nur zur Unterhaltung der anwesenden Personen sondern insbesondere auch unter dem Gedanken, dass es anderen Personen nicht so gut geht.&nbsp;<\/p>\n\n\n\n<p class=\"wp-block-paragraph\">Aus diesem Grund wird der Reinerl\u00f6s jeder Veranstaltung einer sozialen Einrichtung zur Verf\u00fcgung gestellt.&nbsp;<\/p>\n\n\n\n<h2 class=\"wp-block-heading\" style=\"text-align:center\">Bisher konnten wir &#8211; dank euren freiwilligen Spenden &#8211; folgende Organisationen unterst\u00fctzen.&nbsp;<\/h2>\n\n\n\n<ul class=\"wp-block-list\"><li><strong>Weisser Ring (Hilfe f\u00fcr Verbrechensopfer)<\/strong><\/li><li><strong>Friends of ME (Hilfe f\u00fcr Kinder von Suchtkranken)<\/strong><\/li><li><strong>Geben f\u00fcr Leben (Leuk\u00e4miehilfe \u00d6sterreich)<\/strong><\/li><\/ul>\n\n\n\n<p class=\"wp-block-paragraph\">Zus\u00e4tzlich m\u00f6chten wir uns f\u00fcr Kollegen und\/oder deren Angeh\u00f6rige einsetzen und unterst\u00fctzen diese jeweils mit einem namhaften Geldbetrag. <\/p>\n\n\n\n<p class=\"wp-block-paragraph\">Wir k\u00f6nnen die Krankheiten dadurch nicht heilen, wir k\u00f6nnen die Betroffenen finanziell ein klein wenig unterst\u00fctzen.&nbsp;<\/p>\n\n\n\n<p class=\"wp-block-paragraph\">Wir bitte um Verst\u00e4ndnis, dass wir &#8211; aus R\u00fccksicht auf die betroffenen Personen &#8211; keine Namen und Bilder dazu ver\u00f6ffentlichen.&nbsp;<\/p>\n","protected":false},"excerpt":{"rendered":"<p>Unsere Veranstaltungen sind nicht nur zur Unterhaltung der anwesenden Personen sondern insbesondere auch unter dem Gedanken, dass es anderen Personen nicht so gut geht.&nbsp; Aus diesem Grund wird der Reinerl\u00f6s jeder Veranstaltung einer sozialen Einrichtung zur Verf\u00fcgung gestellt.&nbsp; Bisher konnten wir &#8211; dank euren freiwilligen Spenden &#8211; folgende Organisationen unterst\u00fctzen.&nbsp;&#8230;<\/p>\n","protected":false},"author":1,"featured_media":0,"parent":0,"menu_order":0,"comment_status":"closed","ping_status":"closed","template":"","meta":{"_crdt_document":"","ngg_post_thumbnail":0,"footnotes":""},"class_list":["post-435","page","type-page","status-publish","hentry"],"_links":{"self":[{"href":"https:\/\/vorarlberg.kripo.at\/index.php?rest_route=\/wp\/v2\/pages\/435","targetHints":{"allow":["GET"]}}],"collection":[{"href":"https:\/\/vorarlberg.kripo.at\/index.php?rest_route=\/wp\/v2\/pages"}],"about":[{"href":"https:\/\/vorarlberg.kripo.at\/index.php?rest_route=\/wp\/v2\/types\/page"}],"author":[{"embeddable":true,"href":"https:\/\/vorarlberg.kripo.at\/index.php?rest_route=\/wp\/v2\/users\/1"}],"replies":[{"embeddable":true,"href":"https:\/\/vorarlberg.kripo.at\/index.php?rest_route=%2Fwp%2Fv2%2Fcomments&post=435"}],"version-history":[{"count":1,"href":"https:\/\/vorarlberg.kripo.at\/index.php?rest_route=\/wp\/v2\/pages\/435\/revisions"}],"predecessor-version":[{"id":437,"href":"https:\/\/vorarlberg.kripo.at\/index.php?rest_route=\/wp\/v2\/pages\/435\/revisions\/437"}],"wp:attachment":[{"href":"https:\/\/vorarlberg.kripo.at\/index.php?rest_route=%2Fwp%2Fv2%2Fmedia&parent=435"}],"curies":[{"name":"wp","href":"https:\/\/api.w.org\/{rel}","templated":true}]}}