{"id":607,"date":"2019-04-10T17:52:46","date_gmt":"2019-04-10T17:52:46","guid":{"rendered":"https:\/\/vorarlberg.kripo.at\/?page_id=607"},"modified":"2019-04-15T11:50:03","modified_gmt":"2019-04-15T11:50:03","slug":"exkursion-airbus","status":"publish","type":"page","link":"https:\/\/vorarlberg.kripo.at\/?page_id=607","title":{"rendered":"Exkursion Airbus"},"content":{"rendered":"\n<h4 class=\"wp-block-heading\">Die <strong>Landessektion Vorarlberg <\/strong>ging wieder mal auf Reisen. <\/h4>\n\n\n\n<p class=\"wp-block-paragraph\"><\/p>\n\n\n\n<p class=\"wp-block-paragraph\">Information und Fortbildung stand auf dem Programm.  In diesem Jahr besuchten wir das Airbus\/Eurocopter Unternehmen in Donauw\u00f6rth. <\/p>\n\n\n\n<div class=\"wp-block-image\"><figure class=\"alignright is-resized\"><img loading=\"lazy\" decoding=\"async\" src=\"https:\/\/vorarlberg.kripo.at\/wp-content\/uploads\/2019\/04\/bus.jpg\" alt=\"\" class=\"wp-image-637\" width=\"198\" height=\"194\" srcset=\"https:\/\/vorarlberg.kripo.at\/wp-content\/uploads\/2019\/04\/bus.jpg 497w, https:\/\/vorarlberg.kripo.at\/wp-content\/uploads\/2019\/04\/bus-300x295.jpg 300w\" sizes=\"auto, (max-width: 198px) 100vw, 198px\" \/><\/figure><\/div>\n\n\n\n<p class=\"wp-block-paragraph\">Bereits beim\nersten Kontakt mit der Firma wurden wir positiv \u00fcberrascht, da wir mit einer\ngro\u00dfen Freundlichkeit begr\u00fc\u00dft wurden. Wir erfuhren allerdings auch gleich, dass\nstrenge Sicherheitsma\u00dfnahmen bei einer Besichtigung einzuhalten sind. Die\nTeilnehmer mussten im Vorfeld namentlich gemeldet werden. Das Fotografieren war\nabsolut verboten (Handys und Fotoapparate mussten beim Empfang abgegeben werden).\nEinlass gab es nur beim Vorzeigen eines RP oder Personalausweises. Die\nTeilnehmeranzahl war auf 40 beschr\u00e4nkt. <\/p>\n\n\n\n<p class=\"wp-block-paragraph\">Martin,\nder freundliche Busfahrer des&nbsp; Bludenzer\nBusunternehmen \u201eHaueis\u201c,&nbsp; startet am\n09.04.2019, um 07.00 Uhr in Bludenz. Mit einem kurzen Stopp in Dornbirn ging es\nzum letzten Treffpunkt, dem Landespolizeikommando in Bregenz. Dort wurden die\nTeilnehmer noch mit Leberk\u00e4s und Brot verpflegt.&nbsp; Gut gest\u00e4rkt ging es dann, mit 40\nTeilnehmern, Richtung Donauw\u00f6rth. <\/p>\n\n\n\n<div class=\"wp-block-image\"><figure class=\"alignleft is-resized\"><img loading=\"lazy\" decoding=\"async\" src=\"https:\/\/vorarlberg.kripo.at\/wp-content\/uploads\/2019\/04\/k-IMG_5810-1024x768.jpg\" alt=\"\" class=\"wp-image-639\" width=\"237\" height=\"178\" srcset=\"https:\/\/vorarlberg.kripo.at\/wp-content\/uploads\/2019\/04\/k-IMG_5810.jpg 1024w, https:\/\/vorarlberg.kripo.at\/wp-content\/uploads\/2019\/04\/k-IMG_5810-300x225.jpg 300w, https:\/\/vorarlberg.kripo.at\/wp-content\/uploads\/2019\/04\/k-IMG_5810-768x576.jpg 768w\" sizes=\"auto, (max-width: 237px) 100vw, 237px\" \/><\/figure><\/div>\n\n\n\n<p class=\"wp-block-paragraph\"> <\/p>\n\n\n\n<p class=\"wp-block-paragraph\">P\u00fcnktlich\nzur Mittagszeit trafen wir bei der \u201eAlten Brauerei Mertingen\u201c ein. Dort wurden\nwir freundlich empfangen und bestens verpflegt. <\/p>\n\n\n\n<p class=\"wp-block-paragraph\">Und dann stieg die Spannung, p\u00fcnktlich um 14:00 Uhr standen wir beim Haupteingang der Firma bereit. Nach erfolgter Identit\u00e4tskontrolle und der Abgabe unserer Handys wurden wir in drei Gruppen aufgeteilt und 2 \u00bd Stunden durch die einzelnen Abteilungen der Firma gef\u00fchrt. Da es strikt verboten war, Fotos zu machen bzw Infos \u00fcber die Firma weiterzugeben, muss ich mich in diesem Bericht kurz halten. <\/p>\n\n\n\n<h4 class=\"wp-block-heading\"><em>Vielleicht nur ein paar kleine Infos: <\/em><\/h4>\n\n\n\n<p class=\"wp-block-paragraph\">Aktuell arbeiten ca 7.000  Personen bei der Firma. Sie verf\u00fcgen \u00fcber einen Werkschutz, eine Kantine, ein eigenes (kleines) Spital und einen Kindergarten. <\/p>\n\n\n\n<p class=\"wp-block-paragraph\">Die Firma\nbildete j\u00e4hrlich eine gr\u00f6\u00dfere Anzahl von Lehrlingen, die nach Lehrabschluss\nalle \u00fcbernommen werden, aus. In den einzelnen Abteilungen sind nur Facharbeiter\nt\u00e4tig. <\/p>\n\n\n\n<p class=\"wp-block-paragraph\">Aufgefallen\nist uns, dass einige Mitarbeiter von einer Halle zur n\u00e4chsten Halle mit dem\n(Firmen-)Fahrrad unterwegs waren. Nach den 2 \u00bd Stunden wussten wir warum \u2026. wir\nsind nicht nur ein paar Hundert Meter gegangen. <\/p>\n\n\n\n<p class=\"wp-block-paragraph\">Es war\nbeeindruckend, wenn man die gro\u00dfen Hubschrauber in den Hallen gesehen hat. Wie\nbereits angef\u00fchrt, Detail-Infos d\u00fcrfen leider nicht weitergegeben werden (es\nh\u00e4tte ja jeder mit uns mitkommen k\u00f6nnen J). <\/p>\n\n\n\n<p class=\"wp-block-paragraph\">Neben dem Bau\nbzw der Wartung div. Hubschrauber werden auch die T\u00fcren f\u00fcr die verschiedenen\nAirbus (dzt auch noch f\u00fcr den A 380) in dem Werk gebaut. Fast alle T\u00e4tigkeiten\nsind Handarbeit. <\/p>\n\n\n\n<p class=\"wp-block-paragraph\">Die Firma hat\neinen eigenen Flugplatz (eingeschr\u00e4nkt auf die Landung von Hubschraubern). Es\nist dies zugleich auch ein Testgel\u00e4nde. <\/p>\n\n\n\n<div class=\"wp-block-image\"><figure class=\"alignright\"><img loading=\"lazy\" decoding=\"async\" width=\"82\" height=\"300\" src=\"https:\/\/vorarlberg.kripo.at\/wp-content\/uploads\/2019\/04\/geschenk-1-82x300.jpg\" alt=\"\" class=\"wp-image-645\" srcset=\"https:\/\/vorarlberg.kripo.at\/wp-content\/uploads\/2019\/04\/geschenk-1-82x300.jpg 82w, https:\/\/vorarlberg.kripo.at\/wp-content\/uploads\/2019\/04\/geschenk-1.jpg 270w\" sizes=\"auto, (max-width: 82px) 100vw, 82px\" \/><\/figure><\/div>\n\n\n\n<p class=\"wp-block-paragraph\">Die Zeit verging wie im Flug. Es ging wieder zur\u00fcck zum Haupteingang. Dort trafen sich die drei Gruppen wieder. <\/p>\n\n\n\n<p class=\"wp-block-paragraph\">Der\nSektionsobmann von Vorarlberg \u2013 Norbert Schwendinger \u2013 bedankte sich im Namen\nder Teilnehmer bei den drei \u201eLeaders\u201c und \u00fcbergab ihnen je eine Flasche des \u2013\nzwischenzeitlich &#8211; ber\u00fchmten \u201eKriminalwassers\u201c. Ein kleines Geschenk wurde auch\nder Koordinatorin der Firma als Dankesch\u00f6n hinterlassen. <\/p>\n\n\n\n<p class=\"wp-block-paragraph\">Die Heimfahrt\nins L\u00e4nde war von den vielen Eindr\u00fccken gepr\u00e4gt. Es war erfreulich, dass es den\nVK\u00d6-Mitgliedern sehr gut gefallen hat. Einhelliger Tenor im Bus: Was machen wir\nals n\u00e4chstes \u2026.. und positives Echo, als der Sektionsobmann die f\u00fcr Herbst\ngeplante Veranstaltung vorab schon mal ank\u00fcndigte. <\/p>\n\n\n\n<p class=\"wp-block-paragraph\">Der Ausflug\nwar bereits ein Tag danach auf der Dienststelle ein gro\u00dfes Thema, es hatte zur\nFolge, dass ein Kollege gleich in der Fr\u00fch mit einem ausgef\u00fcllten\nBeitrittsformular beim Sektionsobmann erschien.&nbsp;\n<\/p>\n\n\n\n<p class=\"wp-block-paragraph\">Wer n\u00e4here\nInfos zu der Firma m\u00f6chte, kann sich unter den nachstehenden Links gerne ein\nBild dar\u00fcber machen. <\/p>\n\n\n\n<table class=\"wp-block-table\"><tbody><tr><td>   Homepage der Fa. Airbus   <br><a href=\"https:\/\/www.airbus.com\/helicopters.html\" target=\"_blank\" rel=\"noopener\">https:\/\/www.airbus.com\/helicopters.html<\/a>      <\/td><td>   Wikipedia   <br><a href=\"https:\/\/de.wikipedia.org\/wiki\/Airbus_Helicopters\" target=\"_blank\" rel=\"noopener\">https:\/\/de.wikipedia.org\/wiki\/Airbus_Helicopters<\/a>   <\/td><\/tr><\/tbody><\/table>\n\n\n\n<h3 class=\"wp-block-heading\"><a href=\"https:\/\/flic.kr\/s\/aHsmbvUEW2\" target=\"_blank\" rel=\"noopener\">Bilder vom Ausflug<\/a><\/h3>\n","protected":false},"excerpt":{"rendered":"<p>Die Landessektion Vorarlberg ging wieder mal auf Reisen. Information und Fortbildung stand auf dem Programm. In diesem Jahr besuchten wir das Airbus\/Eurocopter Unternehmen in Donauw\u00f6rth. Bereits beim ersten Kontakt mit der Firma wurden wir positiv \u00fcberrascht, da wir mit einer gro\u00dfen Freundlichkeit begr\u00fc\u00dft wurden. Wir erfuhren allerdings auch gleich, dass&#8230;<\/p>\n","protected":false},"author":1,"featured_media":650,"parent":0,"menu_order":0,"comment_status":"closed","ping_status":"closed","template":"","meta":{"_crdt_document":"","ngg_post_thumbnail":0,"footnotes":""},"class_list":["post-607","page","type-page","status-publish","has-post-thumbnail","hentry"],"_links":{"self":[{"href":"https:\/\/vorarlberg.kripo.at\/index.php?rest_route=\/wp\/v2\/pages\/607","targetHints":{"allow":["GET"]}}],"collection":[{"href":"https:\/\/vorarlberg.kripo.at\/index.php?rest_route=\/wp\/v2\/pages"}],"about":[{"href":"https:\/\/vorarlberg.kripo.at\/index.php?rest_route=\/wp\/v2\/types\/page"}],"author":[{"embeddable":true,"href":"https:\/\/vorarlberg.kripo.at\/index.php?rest_route=\/wp\/v2\/users\/1"}],"replies":[{"embeddable":true,"href":"https:\/\/vorarlberg.kripo.at\/index.php?rest_route=%2Fwp%2Fv2%2Fcomments&post=607"}],"version-history":[{"count":18,"href":"https:\/\/vorarlberg.kripo.at\/index.php?rest_route=\/wp\/v2\/pages\/607\/revisions"}],"predecessor-version":[{"id":677,"href":"https:\/\/vorarlberg.kripo.at\/index.php?rest_route=\/wp\/v2\/pages\/607\/revisions\/677"}],"wp:featuredmedia":[{"embeddable":true,"href":"https:\/\/vorarlberg.kripo.at\/index.php?rest_route=\/wp\/v2\/media\/650"}],"wp:attachment":[{"href":"https:\/\/vorarlberg.kripo.at\/index.php?rest_route=%2Fwp%2Fv2%2Fmedia&parent=607"}],"curies":[{"name":"wp","href":"https:\/\/api.w.org\/{rel}","templated":true}]}}