{"id":858,"date":"2019-12-21T13:23:43","date_gmt":"2019-12-21T13:23:43","guid":{"rendered":"https:\/\/vorarlberg.kripo.at\/?page_id=858"},"modified":"2022-12-07T14:26:28","modified_gmt":"2022-12-07T14:26:28","slug":"weihnachtsgruesse","status":"publish","type":"page","link":"https:\/\/vorarlberg.kripo.at\/?page_id=858","title":{"rendered":"Weihnachtsgr\u00fc\u00dfe"},"content":{"rendered":"\n<p class=\"wp-block-paragraph\"><\/p>\n\n\n\n<p class=\"has-text-align-center wp-block-paragraph\" style=\"font-size:34px\">Der Landesausschuss der VK\u00d6<\/p>\n\n\n\n<p class=\"has-text-align-center wp-block-paragraph\" style=\"font-size:34px\">w\u00fcnscht euch ein ruhiges und <\/p>\n\n\n\n<p class=\"has-text-align-center wp-block-paragraph\" style=\"font-size:34px\">friedliches Weihnachtsfest<\/p>\n\n\n<div class=\"wp-block-image\">\n<figure class=\"aligncenter size-large\"><img loading=\"lazy\" decoding=\"async\" width=\"368\" height=\"469\" src=\"https:\/\/vorarlberg.kripo.at\/wp-content\/uploads\/2019\/12\/9bbaf6f98b805717afe5e5d7b1254320.gif\" alt=\"\" class=\"wp-image-861\"\/><\/figure>\n<\/div>\n\n\n<p class=\"has-text-align-center wp-block-paragraph\" style=\"font-size:34px\">und einen guten Rutsch in ein gl\u00fcckliches <\/p>\n\n\n\n<p class=\"has-text-align-center wp-block-paragraph\" style=\"font-size:60px\"><strong>2023 <\/strong><\/p>\n\n\n<div class=\"wp-block-image\">\n<figure class=\"aligncenter size-large\"><img loading=\"lazy\" decoding=\"async\" width=\"519\" height=\"699\" src=\"https:\/\/vorarlberg.kripo.at\/wp-content\/uploads\/2019\/12\/Neujahrsw\u00fcnsche-Bilder-Lustig-F\u00fcr-Whatsapp-Und-Facebook-F\u00fcrs-Handy.gif\" alt=\"\" class=\"wp-image-862\"\/><\/figure>\n<\/div>","protected":false},"excerpt":{"rendered":"<p>Der Landesausschuss der VK\u00d6 w\u00fcnscht euch ein ruhiges und friedliches Weihnachtsfest und einen guten Rutsch in ein gl\u00fcckliches 2023<\/p>\n","protected":false},"author":1,"featured_media":0,"parent":0,"menu_order":0,"comment_status":"closed","ping_status":"closed","template":"","meta":{"_crdt_document":"","ngg_post_thumbnail":0,"footnotes":""},"class_list":["post-858","page","type-page","status-publish","hentry"],"_links":{"self":[{"href":"https:\/\/vorarlberg.kripo.at\/index.php?rest_route=\/wp\/v2\/pages\/858","targetHints":{"allow":["GET"]}}],"collection":[{"href":"https:\/\/vorarlberg.kripo.at\/index.php?rest_route=\/wp\/v2\/pages"}],"about":[{"href":"https:\/\/vorarlberg.kripo.at\/index.php?rest_route=\/wp\/v2\/types\/page"}],"author":[{"embeddable":true,"href":"https:\/\/vorarlberg.kripo.at\/index.php?rest_route=\/wp\/v2\/users\/1"}],"replies":[{"embeddable":true,"href":"https:\/\/vorarlberg.kripo.at\/index.php?rest_route=%2Fwp%2Fv2%2Fcomments&post=858"}],"version-history":[{"count":4,"href":"https:\/\/vorarlberg.kripo.at\/index.php?rest_route=\/wp\/v2\/pages\/858\/revisions"}],"predecessor-version":[{"id":1064,"href":"https:\/\/vorarlberg.kripo.at\/index.php?rest_route=\/wp\/v2\/pages\/858\/revisions\/1064"}],"wp:attachment":[{"href":"https:\/\/vorarlberg.kripo.at\/index.php?rest_route=%2Fwp%2Fv2%2Fmedia&parent=858"}],"curies":[{"name":"wp","href":"https:\/\/api.w.org\/{rel}","templated":true}]}}